{"id":127,"date":"2020-10-26T16:24:14","date_gmt":"2020-10-26T15:24:14","guid":{"rendered":"https:\/\/www.sintac.pl\/sklepsintac\/produkt\/import-placeholder-for-7796\/"},"modified":"2023-02-10T09:14:18","modified_gmt":"2023-02-10T08:14:18","slug":"zestaw-poligonowy","status":"publish","type":"product","link":"https:\/\/sintac.pl\/sklepsintac\/produkt\/zestaw-poligonowy\/","title":{"rendered":"Zestaw &#8220;Poligonowy&#8221; E-015"},"content":{"rendered":"<p><b>Sk\u0142ad<\/b><\/p>\n<ul class=\"zestawy\">\n<li>Pojemnik 100 l<\/li>\n<li>Preparat <strong>Sintan\u00ae<\/strong> &#8211; 2 l, spryskiwacz<\/li>\n<li>Preparat <strong>Sintan\u00ae<\/strong> &#8211; 5 l, kanister<\/li>\n<li>Sorbent uniwersalny 20 kg &#8211; 1 szt.<\/li>\n<li><strong>Kobra Sintac\u00ae<\/strong> &#8211; 2 szt.<\/li>\n<li>P\u0142achty Sorbcyjne &#8211; 10szt.<\/li>\n<li>Chodnik Sorbcyjno-Izolacyjny 1,5 m &#8211; 1 szt.<\/li>\n<li>Worki na odpady &#8211; 5 szt.<\/li>\n<li>Szczotka zmiotka, szufelka &#8211; 1 kpl.<\/li>\n<li>Kompakt Olejowy &#8220;Wacek&#8221; &#8211; 1 szt.<\/li>\n<\/ul>\n<p>INSTRUKCJA STOSOWANIA -&gt; <a href=\"https:\/\/sintac.pl\/sklepsintac\/wp-content\/uploads\/2020\/10\/E-015-ZESTAW-POLIGONOWY.pdf\">E-015 ZESTAW POLIGONOWY<\/a><\/p>\n","protected":false},"excerpt":{"rendered":"<p>Niezb\u0119dne wyposa\u017cenie pojazd\u00f3w wojskowych. Gwarantuje profesjonalne zabezpieczenie miejsc przetankowywania paliw, postoju pojazd\u00f3w, sk\u0142ad\u00f3w paliwowych &#8211; szczeg\u00f3lnie przydatny w warunkach polowych.<\/p>\n","protected":false},"featured_media":157,"template":"","meta":[],"_links":{"self":[{"href":"https:\/\/sintac.pl\/sklepsintac\/wp-json\/wp\/v2\/product\/127"}],"collection":[{"href":"https:\/\/sintac.pl\/sklepsintac\/wp-json\/wp\/v2\/product"}],"about":[{"href":"https:\/\/sintac.pl\/sklepsintac\/wp-json\/wp\/v2\/types\/product"}],"wp:featuredmedia":[{"embeddable":true,"href":"https:\/\/sintac.pl\/sklepsintac\/wp-json\/wp\/v2\/media\/157"}],"wp:attachment":[{"href":"https:\/\/sintac.pl\/sklepsintac\/wp-json\/wp\/v2\/media?parent=127"}],"curies":[{"name":"wp","href":"https:\/\/api.w.org\/{rel}","templated":true}]}}