{"id":22,"date":"2020-10-26T16:10:54","date_gmt":"2020-10-26T15:10:54","guid":{"rendered":"https:\/\/www.sintac.pl\/sklepsintac\/produkt\/import-placeholder-for-7421\/"},"modified":"2025-09-16T14:22:57","modified_gmt":"2025-09-16T12:22:57","slug":"sintan-30l-kanister","status":"publish","type":"product","link":"https:\/\/sintac.pl\/sklepsintac\/produkt\/sintan-30l-kanister\/","title":{"rendered":"Sintan\u00ae 30l, kanister"},"content":{"rendered":"<p><strong>Sintan\u00ae<\/strong> jest skutecznym i bezkonkurencyjnym \u015brodkiem odt\u0142uszczaj\u0105cym, znanym i stosowanym od ponad 30 lat na ca\u0142ym \u015bwiecie. Preparat Sintan\u00ae znajduje zastosowanie wsz\u0119dzie tam, gdzie u\u017cywane s\u0105 produkty naftowe i t\u0142uszcze spo\u017cywcze.<\/p>\n<p><strong>SK\u0141AD SINTANU\u00ae GWARANTUJE BEZPIECZE\u0143STWO DLA U\u017bYTKOWNIKA, \u015aRODOWISKA NATURALNEGO I CZYSZCZONYCH POWIERZCHNI.<\/strong><\/p>\n<p>Preparat\u00a0<strong>Sintan\u00ae<\/strong>\u00a0profesjonalnie usuwa zanieczyszczenia produktami ropopochodnymi i t\u0142uszczami spo\u017cywczymi z ka\u017cdej powierzchni utwardzonej \u2013 betonu, kostki brukowej, kamienia naturalnego, asfaltu, metalu, szk\u0142a, wyk\u0142adzin pod\u0142ogowych, tworzyw sztucznych, wszystkich tkanin i drewna.<\/p>\n<p><strong>Czym Sintan\u00ae r\u00f3\u017cni si\u0119 od innych oferowanych preparat\u00f3w?<\/strong><\/p>\n<ul>\n<li><i class=\"fa fa-check-circle-o\"><\/i>\u00a0\u00a0jest gotowy do natychmiastowego u\u017cycia,<\/li>\n<li>\u00a0 nie posiada \u015brodk\u00f3w zapachowych,<\/li>\n<li>\u00a0 jest niepalny,<\/li>\n<li>\u00a0 ma neutralny odczyn pH,<\/li>\n<li>\u00a0 podczas procesu mycia Sintanem\u00ae nie powstaj\u0105 \u017cadne substancje toksyczne i niebezpieczne, co oznacza, \u017ce mo\u017cna go stosowa\u0107 w zamkni\u0119tych pomieszczeniach,<\/li>\n<li>\u00a0 Sintan\u00ae dok\u0142adnie penetruje pod\u0142o\u017ce i usuwa ska\u017cenia olejowe z g\u0142\u0119bszych warstw powierzchni porowatej<\/li>\n<li>\u00a0 w kr\u00f3tkim czasie ulega biodegradacji,<\/li>\n<li>\u00a0 Sintan\u00ae nie tworzy emulsji stabilnych z olejami i substancjami ropopochodnymi,<\/li>\n<li>\u00a0 Sintan\u00ae posiada pozytywn\u0105 opini\u0119 s\u0142u\u017cb ochrony \u015brodowiska, stra\u017cy po\u017carnej, Ministerstwa Transportu, armii oraz ca\u0142\u0105 mas\u0119 referencji \u015bwiatowych koncern\u00f3w paliwowych obecnych w Polsce, koncern\u00f3w przemys\u0142owych, energetycznych, samochodowych, firm transportu drogowego, kolejowego, morskiego, port\u00f3w i stoczni.<\/li>\n<\/ul>\n","protected":false},"excerpt":{"rendered":"<p>Sintan\u00ae jest skutecznym i bezkonkurencyjnym \u015brodkiem odt\u0142uszczaj\u0105cym, znanym i stosowanym od ponad 30 lat na ca\u0142ym \u015bwiecie. Preparat Sintan\u00ae znajduje zastosowanie wsz\u0119dzie tam, gdzie u\u017cywane s\u0105 produkty naftowe i t\u0142uszcze spo\u017cywcze. SK\u0141AD SINTANU\u00ae GWARANTUJE BEZPIECZE\u0143STWO DLA U\u017bYTKOWNIKA, \u015aRODOWISKA NATURALNEGO I CZYSZCZONYCH POWIERZCHNI. Preparat\u00a0Sintan\u00ae\u00a0profesjonalnie usuwa zanieczyszczenia produktami ropopochodnymi i t\u0142uszczami spo\u017cywczymi z ka\u017cdej powierzchni utwardzonej \u2013 [&hellip;]<\/p>\n","protected":false},"featured_media":3744,"template":"","meta":[],"_links":{"self":[{"href":"https:\/\/sintac.pl\/sklepsintac\/wp-json\/wp\/v2\/product\/22"}],"collection":[{"href":"https:\/\/sintac.pl\/sklepsintac\/wp-json\/wp\/v2\/product"}],"about":[{"href":"https:\/\/sintac.pl\/sklepsintac\/wp-json\/wp\/v2\/types\/product"}],"wp:featuredmedia":[{"embeddable":true,"href":"https:\/\/sintac.pl\/sklepsintac\/wp-json\/wp\/v2\/media\/3744"}],"wp:attachment":[{"href":"https:\/\/sintac.pl\/sklepsintac\/wp-json\/wp\/v2\/media?parent=22"}],"curies":[{"name":"wp","href":"https:\/\/api.w.org\/{rel}","templated":true}]}}