{"id":24,"date":"2020-10-26T16:10:54","date_gmt":"2020-10-26T15:10:54","guid":{"rendered":"https:\/\/www.sintac.pl\/sklepsintac\/produkt\/import-placeholder-for-7452\/"},"modified":"2025-01-08T09:54:49","modified_gmt":"2025-01-08T08:54:49","slug":"sorbent-q-sorb-20kg","status":"publish","type":"product","link":"https:\/\/sintac.pl\/sklepsintac\/produkt\/sorbent-q-sorb-20kg\/","title":{"rendered":"Sorbent Q-SORB\u00ae 20kg,worek"},"content":{"rendered":"<p>Uniwersalny sorbent do poch\u0142aniania r\u00f3\u017cnego rodzaju p\u0142yn\u00f3w.<\/p>\n<p>Sprzedawany w workach papierowych 20kg.<\/p>\n","protected":false},"excerpt":{"rendered":"<p>Uniwersalny sorbent do poch\u0142aniania r\u00f3\u017cnego rodzaju p\u0142yn\u00f3w. Sprzedawany w workach papierowych 20kg.<\/p>\n","protected":false},"featured_media":4052,"template":"","meta":[],"_links":{"self":[{"href":"https:\/\/sintac.pl\/sklepsintac\/wp-json\/wp\/v2\/product\/24"}],"collection":[{"href":"https:\/\/sintac.pl\/sklepsintac\/wp-json\/wp\/v2\/product"}],"about":[{"href":"https:\/\/sintac.pl\/sklepsintac\/wp-json\/wp\/v2\/types\/product"}],"wp:featuredmedia":[{"embeddable":true,"href":"https:\/\/sintac.pl\/sklepsintac\/wp-json\/wp\/v2\/media\/4052"}],"wp:attachment":[{"href":"https:\/\/sintac.pl\/sklepsintac\/wp-json\/wp\/v2\/media?parent=24"}],"curies":[{"name":"wp","href":"https:\/\/api.w.org\/{rel}","templated":true}]}}