{"id":34,"date":"2020-10-26T16:10:54","date_gmt":"2020-10-26T15:10:54","guid":{"rendered":"https:\/\/www.sintac.pl\/sklepsintac\/produkt\/import-placeholder-for-7563\/"},"modified":"2023-01-20T13:20:33","modified_gmt":"2023-01-20T12:20:33","slug":"chodnik-sorpcyjno-izolacyjny-91-x-3048-cm-1-szt","status":"publish","type":"product","link":"https:\/\/sintac.pl\/sklepsintac\/produkt\/chodnik-sorpcyjno-izolacyjny-91-x-3048-cm-1-szt\/","title":{"rendered":"Chodnik sorpcyjno-izolacyjny 91 \u00d7 3048 cm 1 szt."},"content":{"rendered":"<div id=\"more1\" class=\"linker\">\n<div id=\"more3\" class=\"linker\">\n<div id=\"more5\" class=\"linker\">\n<p><b>Zastosowanie<\/b><\/p>\n<p>Ten produkt posiada specjaln\u0105 warstw\u0119 izoluj\u0105c\u0105, kt\u00f3ra uniemo\u017cliwia przeciekanie poch\u0142oni\u0119tej cieczy do pod\u0142o\u017ca. Posiada r\u00f3wnie\u017c w\u0142a\u015bciwo\u015bci antypo\u015blizgowe oraz jest bardzo wytrzyma\u0142y na rozdarcia. Przeznaczony do u\u017cycia w miejscach o bardzo du\u017cym nat\u0119\u017ceniu ruchu.<\/p>\n<ul class=\"sorbenty\">\n<li>Do wyk\u0142adania ci\u0105g\u00f3w komunikacyjnych w halach i magazynach.<\/li>\n<li>Do utrzymania czysto\u015bci miejsca pracy oraz narz\u0119dzi i innych element\u00f3w.<\/li>\n<li>Niezb\u0119dne wyposa\u017cenie podczas serwisowania i konserwacji maszyn i urz\u0105dze\u0144.<\/li>\n<\/ul>\n<\/div>\n<\/div>\n<\/div>\n","protected":false},"excerpt":{"rendered":"<p>Chodnik Uniwersalny Agresorb ch\u0142onie poza substancjami ropopochodnymi &#8211; agresywne, \u017cr\u0105ce chemikalia. Produkt jest wykonany ze sprasowanych w\u0142\u00f3kien polipropylenowych. Perforowana powierzchnia gwarantuje bardzo wysok\u0105 ch\u0142onno\u015b\u0107.<br \/>\nChodniki s\u0105 antystatyczne, antypo\u015blizgowe oraz odporne na promienie UV.<\/p>\n","protected":false},"featured_media":60,"template":"","meta":[],"_links":{"self":[{"href":"https:\/\/sintac.pl\/sklepsintac\/wp-json\/wp\/v2\/product\/34"}],"collection":[{"href":"https:\/\/sintac.pl\/sklepsintac\/wp-json\/wp\/v2\/product"}],"about":[{"href":"https:\/\/sintac.pl\/sklepsintac\/wp-json\/wp\/v2\/types\/product"}],"wp:featuredmedia":[{"embeddable":true,"href":"https:\/\/sintac.pl\/sklepsintac\/wp-json\/wp\/v2\/media\/60"}],"wp:attachment":[{"href":"https:\/\/sintac.pl\/sklepsintac\/wp-json\/wp\/v2\/media?parent=34"}],"curies":[{"name":"wp","href":"https:\/\/api.w.org\/{rel}","templated":true}]}}