{"id":3894,"date":"2021-08-26T12:20:39","date_gmt":"2021-08-26T10:20:39","guid":{"rendered":"https:\/\/sintac.pl\/sklepsintac\/?post_type=product&#038;p=3894"},"modified":"2025-11-24T11:22:53","modified_gmt":"2025-11-24T10:22:53","slug":"wanienka-wychwytowa-10l","status":"publish","type":"product","link":"https:\/\/sintac.pl\/sklepsintac\/produkt\/wanienka-wychwytowa-10l\/","title":{"rendered":"Wanienka wychwytowa 10l"},"content":{"rendered":"<p>WAGA (kg) &#8211; 1<br \/>\nROZMIARY (mm) &#8211; 570x390x53<br \/>\nPOJEMNO\u015a\u0106 (l) &#8211; 6,5 (poj. wychwytowa)<br \/>\nMateria\u0142 &#8211; polietylen<\/p>\n","protected":false},"excerpt":{"rendered":"<p>WAGA (kg) &#8211; 1 ROZMIARY (mm) &#8211; 570x390x53 POJEMNO\u015a\u0106 (l) &#8211; 6,5 (poj. wychwytowa) Materia\u0142 &#8211; polietylen<\/p>\n","protected":false},"featured_media":3895,"template":"","meta":[],"_links":{"self":[{"href":"https:\/\/sintac.pl\/sklepsintac\/wp-json\/wp\/v2\/product\/3894"}],"collection":[{"href":"https:\/\/sintac.pl\/sklepsintac\/wp-json\/wp\/v2\/product"}],"about":[{"href":"https:\/\/sintac.pl\/sklepsintac\/wp-json\/wp\/v2\/types\/product"}],"wp:featuredmedia":[{"embeddable":true,"href":"https:\/\/sintac.pl\/sklepsintac\/wp-json\/wp\/v2\/media\/3895"}],"wp:attachment":[{"href":"https:\/\/sintac.pl\/sklepsintac\/wp-json\/wp\/v2\/media?parent=3894"}],"curies":[{"name":"wp","href":"https:\/\/api.w.org\/{rel}","templated":true}]}}