{"id":74,"date":"2020-10-26T16:22:20","date_gmt":"2020-10-26T15:22:20","guid":{"rendered":"https:\/\/www.sintac.pl\/sklepsintac\/produkt\/import-placeholder-for-7651\/"},"modified":"2023-01-20T13:23:27","modified_gmt":"2023-01-20T12:23:27","slug":"tasma-olejowa-48-x-3050-cm-1-szt","status":"publish","type":"product","link":"https:\/\/sintac.pl\/sklepsintac\/produkt\/tasma-olejowa-48-x-3050-cm-1-szt\/","title":{"rendered":"Ta\u015bma olejowa 48 \u00d7 3050 cm (1 szt)"},"content":{"rendered":"<p><b>Zalety<\/b><\/p>\n<ul class=\"sorbenty\">\n<li>Posiada bardzo du\u017c\u0105 zdolno\u015b\u0107 sorpcyjn\u0105 \u2013 ta\u015bma ch\u0142onie ponad 94 l oleju nap\u0119dowego.<\/li>\n<li>Specjalne wykonanie (pikowanie oraz wzmocnienie ta\u015bm\u0105) zapewniaj\u0105 du\u017c\u0105 trwa\u0142o\u015b\u0107, mechaniczn\u0105 odporno\u015b\u0107, \u0142atwe zamontowanie oraz proste usuni\u0119cie po nas\u0105czeniu. Ta\u015bma posiada nylonowy pasek, kt\u00f3ry mo\u017cna przywi\u0105za\u0107 do zapory, kolejnej ta\u015bmy lub \u0142\u00f3dki.<\/li>\n<li>D\u0142ugo\u015b\u0107 ponad 30 metr\u00f3w pozwala ograniczy\u0107 i zebra\u0107 film olejowy z du\u017cych akwen\u00f3w.<\/li>\n<li>Niewielki ci\u0119\u017car pozwala na \u0142atwe transportowanie oraz zastosowanie w trudnodost\u0119pnych miejscach.<\/li>\n<\/ul>\n<p><b>Zastosowanie<\/b><\/p>\n<ul class=\"sorbenty\">\n<li>Do ograniczenia rozprzestrzeniania si\u0119 filmu olejowego na powierzchni wody.<\/li>\n<li>Do zbierania filmu olejowego z powierzchni akwenu.<\/li>\n<\/ul>\n","protected":false},"excerpt":{"rendered":"<p>Wykonana ze sprasowanych w\u0142\u00f3kien polipropylenowych.<\/p>\n","protected":false},"featured_media":102,"template":"","meta":[],"_links":{"self":[{"href":"https:\/\/sintac.pl\/sklepsintac\/wp-json\/wp\/v2\/product\/74"}],"collection":[{"href":"https:\/\/sintac.pl\/sklepsintac\/wp-json\/wp\/v2\/product"}],"about":[{"href":"https:\/\/sintac.pl\/sklepsintac\/wp-json\/wp\/v2\/types\/product"}],"wp:featuredmedia":[{"embeddable":true,"href":"https:\/\/sintac.pl\/sklepsintac\/wp-json\/wp\/v2\/media\/102"}],"wp:attachment":[{"href":"https:\/\/sintac.pl\/sklepsintac\/wp-json\/wp\/v2\/media?parent=74"}],"curies":[{"name":"wp","href":"https:\/\/api.w.org\/{rel}","templated":true}]}}