{"id":81,"date":"2020-10-26T16:22:20","date_gmt":"2020-10-26T15:22:20","guid":{"rendered":"https:\/\/www.sintac.pl\/sklepsintac\/produkt\/import-placeholder-for-7689\/"},"modified":"2021-01-12T15:52:48","modified_gmt":"2021-01-12T14:52:48","slug":"sciereczka-chemiczna-40-x-50cm-200-sztuk","status":"publish","type":"product","link":"https:\/\/sintac.pl\/sklepsintac\/produkt\/sciereczka-chemiczna-40-x-50cm-200-sztuk\/","title":{"rendered":"\u015aciereczki chemiczne 40 \u00d7 50cm (200 szt)"},"content":{"rendered":"<p><b>Zastosowanie<\/b><\/p>\n<p>Do poch\u0142aniania wszystkich niebezpiecznych agresywnych cieczy w gara\u017cach, magazynach, warsztatach, labolatoriach, itp.<\/p>\n","protected":false},"excerpt":{"rendered":"<p>Wykonane ze sprasowanych w\u0142\u00f3kien polipropylenowych. Wyst\u0119puj\u0105 w formie g\u0142adkiej lub pikowanej <em>(pikowanie wzmacnia materia\u0142 przez co jest on bardziej wytrzyma\u0142y)<\/em>. Posiadaj\u0105 bardzo du\u017c\u0105 zdolno\u015b\u0107 sorpcyjn\u0105.<\/p>\n","protected":false},"featured_media":3722,"template":"","meta":[],"_links":{"self":[{"href":"https:\/\/sintac.pl\/sklepsintac\/wp-json\/wp\/v2\/product\/81"}],"collection":[{"href":"https:\/\/sintac.pl\/sklepsintac\/wp-json\/wp\/v2\/product"}],"about":[{"href":"https:\/\/sintac.pl\/sklepsintac\/wp-json\/wp\/v2\/types\/product"}],"wp:featuredmedia":[{"embeddable":true,"href":"https:\/\/sintac.pl\/sklepsintac\/wp-json\/wp\/v2\/media\/3722"}],"wp:attachment":[{"href":"https:\/\/sintac.pl\/sklepsintac\/wp-json\/wp\/v2\/media?parent=81"}],"curies":[{"name":"wp","href":"https:\/\/api.w.org\/{rel}","templated":true}]}}